-603 - v. Does 24 divide p?
True
Let g = -44 + 2. Let c = 52 + g. Is c a multiple of 4?
False
Suppose 0 = -1161*a + 1168*a - 749. Is 10 a factor of a?
False
Let g = -10 - -120. Does 10 divide g?
True
Let l(k) = -23*k**3 - k**2 + k - 1. Let q be l(1). Suppose 22 = -4*a + 2*w, -4*w - 9 = -4*a - 29. Does 8 divide (-1)/a + (-380)/q?
True
Suppose -3*b = o + 7, -5*o + o + 5*b = -23. Suppose 2*u + 17 = 5*f - 10, 0 = -o*f - u + 9. Is f a multiple of 4?
False
Suppose -650 = -7*x + 2*x - 5*a, -5*x = -a - 638. Suppose 2*h - z = 2*z - 81, 4*h = 2*z - 142. Let k = x + h. Is 29 a factor of k?
False
Suppose -3*t + 73 = 4*x, 5*x - t - 17 = 60. Suppose -x*j + j = -2100. Does 5 divide j?
True
Let o(y) = -19*y + 25. Let c(p) = -9*p + 13. Let i(n) = 9*c(n) - 4*o(n). Is 4 a factor of i(-5)?
False
Let d(x) = -x**2 + 10*x - 16. Let n(p) = p**2 - 10*p + 17. Let f(j) = -3*d(j) - 2*n(j). Let o be f(9). Suppose -o*b + 56 = -4*b. Is b a multiple of 14?
True
Let j(q) = q**2 - 5*q - 7. Let h = -24 + 32. Is j(h) a multiple of 5?
False
Let v(u) = 3*u**3 + 4*u**2 - 6*u + 6. Suppose -13 = -2*b - 7. Is v(b) a multiple of 35?
True
Suppose 0 = -k + v + 7, 1 = -4*k - 3*v + 50. Is (6 + (-2)/2)*324/k a multiple of 37?
False
Suppose 3*c + 6 = -6. Let t be (3 - (-108)/c)/(-1). Suppose 0 - t = -3*b. Does 8 divide b?
True
Let x(t) = 6*t**3 - 66*t**2 + 6*t - 10. Is x(11) a multiple of 8?
True
Let w be 6395/(-15) + 2/(-3). Let y be (-48)/(-80) + w/(-5). Suppose 12 = -2*v + y. Does 8 divide v?
False
Is 17 a factor of 241/7 + (-342)/798?
True
Let g = -3 + 5. Suppose 202 = 5*a + 2*w, g*a = -6*w + w + 64. Does 7 divide a?
True
Suppose 5*p + 2*z + 0*z = -7, z = 2*p + 1. Is p + 39 + (1 - -1) a multiple of 5?
True
Suppose -3*t + 24 = 3*p + 2*p, 20 = 5*p + 5*t. Let q = 10 - p. Suppose -l + a = -23, -q*a - 1 = 4*l - 53. Is l a multiple of 6?
True
Let p be 1*-3 - (-24 + -3). Suppose 4*h + 5*i + 28 = 2*i, 4*h + 4*i = -p. Is (h/(-1) - 0) + -2 a multiple of 7?
False
Is 38 a factor of (415 - -1) + 20 + -18?
True
Let v(o) = 3*o**2 + 6*o - 10. Let r be v(-6). Suppose -252 = -2*q + r. Is q a multiple of 44?
False
Suppose -2*d - 32 = -32. Suppose -b - 7 = -3*n + 1, d = -n + 5*b - 2. Is n even?
False
Let j(t) = 2*t**3 - 18*t**2 + 52*t + 2. Does 34 divide j(12)?
False
Is 7 a factor of -8*(-63)/(-18)*-23?
True
Suppose 2*d + 45 = -3*g, -2*d - 7*g + 3*g = 48. Let h = d + 31. Is 8 a factor of h - ((-12)/4 - -2)?
False
Let a = 8 + 10. Let l = a - 43. Is 3/(-2 + -1)*l a multiple of 7?
False
Let c = -47 + 275. Does 38 divide c?
True
Suppose -37 = 8*d + 43. Let q(m) = -5*m - 12. Let p be q(d). Suppose -p = -a - 5. Does 11 divide a?
True
Suppose 846 - 5361 = -21*z. Is 5 a factor of z?
True
Suppose -3*n = n + 24. Let a be (-56)/n + 8/(-24). Is 15/a*(2 + 1) a multiple of 5?
True
Suppose 16512 = 15*c - 3*c. Does 32 divide c?
True
Suppose 17*g + 18556 = 84176. Is 123 a factor of g?
False
Let u = -2974 + 5783. Is u a multiple of 24?
False
Let k(g) = -431*g - 189. Is k(-3) a multiple of 46?
True
Suppose -t - 2*j + 10 = 0, -16 = -0*j - 4*j. Suppose t*i - i = 0. Suppose 2*y - 12 = -i*y. Is 3 a factor of y?
True
Let z(f) = 11 - 7 + f + 1. Is z(11) a multiple of 4?
True
Suppose 5 = 4*u + f - 11, -37 = -5*u + 3*f. Is u even?
False
Suppose -f + 288 = -160. Is f a multiple of 43?
False
Let g(f) = 2*f - 4. Let i(y) = y. Let c(a) = g(a) - 3*i(a). Let v be c(-12). Suppose v = p + 3. Is p a multiple of 5?
True
Let u(n) = 64*n**2 - 4*n + 1. Let f be u(-3). Suppose -136 = -5*y + f. Is 20 a factor of y*4*1/10?
False
Let v be 5/2 + 1/(-2). Suppose k = -l + 90, 0 = 3*l + v*l - 5*k - 500. Is l a multiple of 34?
False
Suppose 0 = -5*n + 2*n + 4*r + 92, 5*n - 3*r = 135. Let w be -3 - (0 + 3 - 2)*-3. Let z = n - w. Does 6 divide z?
True
Suppose 2*u - 1081 = 1061. Is 63 a factor of u?
True
Let a = 116 - 49. Is a a multiple of 11?
False
Let u(x) = 7*x - 1. Suppose 0*a - 15 = -3*a. Let z be u(a). Suppose -6 = -d + z. Is d a multiple of 10?
True
Let v(k) = -90*k - 44. Is v(-20) a multiple of 86?
False
Let r(c) = 7*c + 5 + 0*c + 2*c + 3*c. Is r(7) a multiple of 23?
False
Let j be 3 - ((2 - 2) + 1). Suppose 0 = -2*r + 10, j*v - 4*r = v. Is 4 a factor of v?
True
Let p be 4/(-10) + (-2106)/(-65). Suppose -p = 22*g - 23*g. Is 4 a factor of g?
True
Suppose -11*a - 155 = -6*a. Let j = -46 - a. Let v(m) = m**2 + 8*m + 5. Is v(j) a multiple of 22?
True
Suppose 20*n - 770 = 9*n. Is 7 a factor of n?
True
Let p = -989 - -1064. Is 15 a factor of p?
True
Suppose -11*g + 560 = -650. Is g a multiple of 11?
True
Let j(s) = 3*s**2 - 9*s + 5. Let c be j(3). Suppose -843 = -c*z - 243. Is z a multiple of 24?
True
Let h = 1755 + -299. Does 14 divide h?
True
Let l = 91 - -6. Is l a multiple of 8?
False
Suppose -14*g - 14530 = -42586. Does 12 divide g?
True
Suppose 0 = 3*j + 2*c + 19, 4*j - 4*c = c + 13. Let k(q) = -41*q + 7. Is 17 a factor of k(j)?
False
Suppose 3*l - 8 + 20 = 0, h - 88 = 2*l. Is 3 a factor of h?
False
Let c(r) be the second derivative of 4*r**3 + 0*r**2 + 7*r + 0 - 5/6*r**4 + 1/20*r**5. Is 4 a factor of c(7)?
False
Suppose -22 - 1 = -r. Let z = -23 + 14. Let g = r + z. Is 10 a factor of g?
False
Suppose -3 = 3*z - 27. Let c be 0*((-20)/z + 3). Suppose c = a + 5*l - 16, 2*a - 2*l - 88 = 2*l. Is a a multiple of 26?
False
Let d(z) = 73*z**2 + 3*z - 9. Is 16 a factor of d(-3)?
False
Suppose -i = 4*b - 653, 0*b = -3*b + 2*i + 476. Is 4 a factor of b?
False
Let x(o) = -o**3 - 17*o**2 + 16*o - 21. Is x(-21) a multiple of 21?
True
Let z(r) = -5*r - 143. Is 4 a factor of z(-31)?
True
Let k be 82/(-26) + 26/169. Does 18 divide k - (-80 - (-1 - 0))?
False
Let z(d) = 17*d**2 + 3*d - 3. Let u(s) = -s**2. Let c(j) = 3*u(j) + z(j). Let b be c(1). Suppose 0 = -4*v + b + 6. Is 4 a factor of v?
False
Let k(y) be the second derivative of -y**5/20 - 3*y**4/2 + 13*y**3/6 + 21*y**2/2 - 26*y. Is 13 a factor of k(-19)?
False
Let y = 9 + 0. Suppose 130 = z + y*z. Is z a multiple of 3?
False
Let s(g) = -135*g**2 - 4*g - 4. Let v(i) = -90*i**2 - 3*i - 3. Let h(m) = -5*s(m) + 7*v(m). Is h(-1) a multiple of 29?
False
Let n(s) = -3*s**3 - s**2 + 1. Let i be n(-1). Suppose -i*q + 4*l + 250 = 14, 3*q + 5*l = 272. Is 42 a factor of q?
True
Is 493592/711 - 2/9 a multiple of 100?
False
Suppose 6*d + 5*k - 140 = d, 0 = -2*k - 6. Let u(r) = 6*r - 19. Let v be u(4). Let z = d - v. Does 8 divide z?
False
Let o(w) = -17*w - 5. Let u = 0 + -5. Is o(u) a multiple of 5?
True
Let z be (10/75*-3)/((-1)/60). Suppose 0 = 2*r + j + z - 175, -j + 301 = 4*r. Does 7 divide r?
False
Let o(g) = -3*g**2 - 43*g + 8. Is o(-11) a multiple of 8?
False
Is (0 - 1)/((-30)/12930) a multiple of 21?
False
Let v(h) = -34*h - 282. Let c be v(-8). Let p(r) = 7*r - 8 - r**2 + r**2 + r**2. Is 4 a factor of p(c)?
False
Suppose -109 = -4*l - 9. Let c = l + -43. Is 17 a factor of 1019/9 + 4/c?
False
Suppose 2*s - k - 11 = 0, 3*s = -4*k + 9*k + 6. Let h = s - 2. Is 2/h - (-1612)/20 a multiple of 22?
False
Let f(z) = z**2 - 5*z + 3. Let k be f(5). Suppose 2*n - 5*p = -5, 3*n + 10 = -3*p + 13. Suppose n = -k*u + 36 + 18. Is 18 a factor of u?
True
Suppose -2*s + 1481 = 3*v, -4*s - 1986 = -4*v - s. Suppose -4*c + v + 1 = 0. Is c a multiple of 37?
False
Suppose 10*c - 17 = 5*c - f, c - 3*f + 3 = 0. Does 26 divide (12/(-14))/(c/(-273))?
True
Does 6 divide 32 + 54/9 + -2?
True
Let n(v) = -v**2 + v + 1. Let t(j) = j**2 - 5*j - 6. Let b(s) = s**3 + 16*s**2 + 16*s + 14. Let p be b(-15). Let y(g) = p*t(g) - 3*n(g). Does 9 divide y(-3)?
False
Let r(t) = 19*t**2 + 3*t + 2. Let l be r(-1). Suppose l*k - 1762 = 110. Does 13 divide k?
True
Let n(d) = 14*d - 1. Let b be n(2). Suppose -2*y + 5*q = -4*y - b, 0 = 2*y - 4*q. Let c(a) = 5*a**2 + 15*a + 6. Is 27 a factor of c(y)?
False
Let t(a) = 12*a**2 - 3*a + 7. Let g(o) = 13*o**2 - 3*o + 8. Let m(x) = -5*g(x) + 6*t(x). Suppose -2*c - 2 + 6 = 0. Is 8 a factor of m(c)?
True
Does 4 divide 310 - (15/(-1) - -3)?
False
Let r be (-1 - 15/(-6)) + 163/2. Let s = r - 32. Is 14 a factor of s?
False
Let h = 899 - -1193. Let y = -1392 + h. Suppose -11*p + y = -4*p. Is p a multiple of 20?
True
Suppose 5*h - 328 - 42 = 0. Let c = -9 + h. Is 17 a factor of c?
False
Let z = -116 - -143. Is 14 a factor of z?
False
Let c be 4 + (4 - 20/(-1)). Suppose 2*b = -5*b + c. Suppose -3*r - 28 = -b*g + r, -2*r - 2 